{"id":9,"date":"2014-08-12T20:13:57","date_gmt":"2014-08-12T18:13:57","guid":{"rendered":"http:\/\/www.adjip-asso.fr\/msite\/?page_id=9"},"modified":"2019-06-01T06:06:04","modified_gmt":"2019-06-01T04:06:04","slug":"accueil","status":"publish","type":"page","link":"https:\/\/adjip-asso.fr\/msite\/","title":{"rendered":"Bienvenue"},"content":{"rendered":"<div class=\"display-posts-listing\"><div class=\"listing-item\"><a class=\"image\" href=\"https:\/\/adjip-asso.fr\/msite\/?p=1063\"><img width=\"150\" height=\"150\" src=\"https:\/\/adjip-asso.fr\/msite\/wp-content\/uploads\/2019\/10\/assembler-djiboutienne-ADJIP-ASSO-photo-by-jimmy-47-150x150.jpg\" class=\"attachment-thumbnail size-thumbnail wp-post-image\" alt=\"\" decoding=\"async\" loading=\"lazy\" \/><\/a> <a class=\"title\" href=\"https:\/\/adjip-asso.fr\/msite\/?p=1063\">Journ\u00e9e Familiale 2019<\/a> <span class=\"excerpt-dash\">-<\/span> <span class=\"excerpt\">En ce samedi 19 juin a eu lieu \u00e0 Marseille la premi\u00e8re&#8221;Journ\u00e9e Famille&#8221; organis\u00e9e par l&#8217;Association des Djiboutiens de Provence. C&#8217;est sous une journ\u00e9e ensoleill\u00e9e que parents et enfants se sont retrouv\u00e9s. Le clown engag\u00e9 pour l&#8217;occasion a ravi les...<\/span><\/div><div class=\"listing-item\"><a class=\"image\" href=\"https:\/\/adjip-asso.fr\/msite\/?p=1088\"><img width=\"150\" height=\"150\" src=\"https:\/\/adjip-asso.fr\/msite\/wp-content\/uploads\/2019\/10\/01_4-150x150.jpg\" class=\"attachment-thumbnail size-thumbnail wp-post-image\" alt=\"\" decoding=\"async\" loading=\"lazy\" \/><\/a> <a class=\"title\" href=\"https:\/\/adjip-asso.fr\/msite\/?p=1088\">Photos : Tournoi de printemps<\/a> <span class=\"excerpt-dash\">-<\/span> <span class=\"excerpt\">Comme \u00e0 l&#8217;accoutum\u00e9e, ADjiP a organis\u00e9 le tournoi de Futsal, le samedi 13 avril 2019. Le tournoi \u00e0 cette ann\u00e9e regroup\u00e9e sept \u00e9quipes venant de Marseille, Aix-en-Provence, Grenoble et Montpellier. Une organisation de la plus minutieuse a permis \u00e0 ces...<\/span><\/div><div class=\"listing-item\"><a class=\"image\" href=\"https:\/\/adjip-asso.fr\/msite\/?p=1059\"><img width=\"150\" height=\"150\" src=\"https:\/\/adjip-asso.fr\/msite\/wp-content\/uploads\/2019\/06\/Eid-Mubarak-2019-Greeting-Vector-Banner-Design-150x150.jpg\" class=\"attachment-thumbnail size-thumbnail wp-post-image\" alt=\"\" decoding=\"async\" loading=\"lazy\" srcset=\"https:\/\/adjip-asso.fr\/msite\/wp-content\/uploads\/2019\/06\/Eid-Mubarak-2019-Greeting-Vector-Banner-Design-150x150.jpg 150w, https:\/\/adjip-asso.fr\/msite\/wp-content\/uploads\/2019\/06\/Eid-Mubarak-2019-Greeting-Vector-Banner-Design-300x300.jpg 300w, https:\/\/adjip-asso.fr\/msite\/wp-content\/uploads\/2019\/06\/Eid-Mubarak-2019-Greeting-Vector-Banner-Design-768x768.jpg 768w, https:\/\/adjip-asso.fr\/msite\/wp-content\/uploads\/2019\/06\/Eid-Mubarak-2019-Greeting-Vector-Banner-Design.jpg 800w\" sizes=\"(max-width: 150px) 100vw, 150px\" \/><\/a> <a class=\"title\" href=\"https:\/\/adjip-asso.fr\/msite\/?p=1059\">A\u00efd Mubarak<\/a> <span class=\"excerpt-dash\">-<\/span> <span class=\"excerpt\">l&#8217;Equipe ADjiP vous souhaite une excellente Aid Mubarak et qu\u2019Allah accepte notre je\u00fbne, pri\u00e8res et douas durant ce mois b\u00e9nis du Ramadan qui prend fin ce soir. Bonne f\u00eate \u00e0 toutes et \u00e0 tous !!!<\/span><\/div><\/div>\n","protected":false},"excerpt":{"rendered":"","protected":false},"author":1,"featured_media":0,"parent":0,"menu_order":0,"comment_status":"closed","ping_status":"closed","template":"","meta":[],"_links":{"self":[{"href":"https:\/\/adjip-asso.fr\/msite\/index.php?rest_route=\/wp\/v2\/pages\/9"}],"collection":[{"href":"https:\/\/adjip-asso.fr\/msite\/index.php?rest_route=\/wp\/v2\/pages"}],"about":[{"href":"https:\/\/adjip-asso.fr\/msite\/index.php?rest_route=\/wp\/v2\/types\/page"}],"author":[{"embeddable":true,"href":"https:\/\/adjip-asso.fr\/msite\/index.php?rest_route=\/wp\/v2\/users\/1"}],"replies":[{"embeddable":true,"href":"https:\/\/adjip-asso.fr\/msite\/index.php?rest_route=%2Fwp%2Fv2%2Fcomments&post=9"}],"version-history":[{"count":5,"href":"https:\/\/adjip-asso.fr\/msite\/index.php?rest_route=\/wp\/v2\/pages\/9\/revisions"}],"predecessor-version":[{"id":1058,"href":"https:\/\/adjip-asso.fr\/msite\/index.php?rest_route=\/wp\/v2\/pages\/9\/revisions\/1058"}],"wp:attachment":[{"href":"https:\/\/adjip-asso.fr\/msite\/index.php?rest_route=%2Fwp%2Fv2%2Fmedia&parent=9"}],"curies":[{"name":"wp","href":"https:\/\/api.w.org\/{rel}","templated":true}]}}